2025/07/12 08:47:37 [error] 191#191: *1196891 directory index of "/www/sites/cbgdh_com/index/wp-includes/js/tinymce/utils/" is forbidden, client: 40.113.89.53, server: cbgdh.com, request: "GET /wp-includes/js/tinymce/utils/ HTTP/1.1", host: "cbgdh.com"
2025/07/12 08:47:38 [error] 191#191: *1196891 directory index of "/www/sites/cbgdh_com/index/wp-includes/blocks/file/" is forbidden, client: 40.113.89.53, server: cbgdh.com, request: "GET /wp-includes/blocks/file/ HTTP/1.1", host: "cbgdh.com"
2025/07/12 08:47:40 [error] 191#191: *1196891 directory index of "/www/sites/cbgdh_com/index/wp-content/themes/twentytwentyfour/" is forbidden, client: 40.113.89.53, server: cbgdh.com, request: "GET /wp-content/themes/twentytwentyfour/ HTTP/1.1", host: "cbgdh.com"
2025/07/12 08:47:42 [error] 191#191: *1196891 directory index of "/www/sites/cbgdh_com/index/wp-includes/blocks/embed/" is forbidden, client: 40.113.89.53, server: cbgdh.com, request: "GET /wp-includes/blocks/embed/ HTTP/1.1", host: "cbgdh.com"
2025/07/12 08:47:43 [error] 191#191: *1196891 directory index of "/www/sites/cbgdh_com/index/wp-includes/css/dist/customize-widgets/" is forbidden, client: 40.113.89.53, server: cbgdh.com, request: "GET /wp-includes/css/dist/customize-widgets/ HTTP/1.1", host: "cbgdh.com"
2025/07/12 08:47:49 [error] 191#191: *1196891 directory index of "/www/sites/cbgdh_com/index/wp-content/themes/twentytwentythree/parts/" is forbidden, client: 40.113.89.53, server: cbgdh.com, request: "GET /wp-content/themes/twentytwentythree/parts/ HTTP/1.1", host: "cbgdh.com"
2025/07/12 08:47:52 [error] 191#191: *1196891 directory index of "/www/sites/cbgdh_com/index/wp-includes/js/tinymce/plugins/hr/" is forbidden, client: 40.113.89.53, server: cbgdh.com, request: "GET /wp-includes/js/tinymce/plugins/hr/ HTTP/1.1", host: "cbgdh.com"
2025/07/12 08:47:56 [error] 191#191: *1196891 directory index of "/www/sites/cbgdh_com/index/wp-includes/js/tinymce/plugins/" is forbidden, client: 40.113.89.53, server: cbgdh.com, request: "GET /wp-includes/js/tinymce/plugins/ HTTP/1.1", host: "cbgdh.com"
2025/07/12 08:47:57 [error] 191#191: *1196891 directory index of "/www/sites/cbgdh_com/index/wp-includes/blocks/comment-template/" is forbidden, client: 40.113.89.53, server: cbgdh.com, request: "GET /wp-includes/blocks/comment-template/ HTTP/1.1", host: "cbgdh.com"
2025/07/12 08:47:57 [error] 191#191: *1196891 directory index of "/www/sites/cbgdh_com/index/wp-includes/css/dist/" is forbidden, client: 40.113.89.53, server: cbgdh.com, request: "GET /wp-includes/css/dist/ HTTP/1.1", host: "cbgdh.com"
2025/07/12 08:47:57 [error] 191#191: *1196891 directory index of "/www/sites/cbgdh_com/index/wp-content/themes/twentytwentytwo/styles/" is forbidden, client: 40.113.89.53, server: cbgdh.com, request: "GET /wp-content/themes/twentytwentytwo/styles/ HTTP/1.1", host: "cbgdh.com"
2025/07/12 08:48:00 [error] 191#191: *1196891 directory index of "/www/sites/cbgdh_com/index/wp-includes/style-engine/" is forbidden, client: 40.113.89.53, server: cbgdh.com, request: "GET /wp-includes/style-engine/ HTTP/1.1", host: "cbgdh.com"
2025/07/12 08:48:01 [error] 191#191: *1196891 directory index of "/www/sites/cbgdh_com/index/wp-admin/css/colors/blue/" is forbidden, client: 40.113.89.53, server: cbgdh.com, request: "GET /wp-admin/css/colors/blue/ HTTP/1.1", host: "cbgdh.com"
2025/07/12 08:48:01 [error] 191#191: *1196891 directory index of "/www/sites/cbgdh_com/index/wp-includes/blocks/calendar/" is forbidden, client: 40.113.89.53, server: cbgdh.com, request: "GET /wp-includes/blocks/calendar/ HTTP/1.1", host: "cbgdh.com"
2025/07/12 08:48:02 [error] 191#191: *1196891 directory index of "/www/sites/cbgdh_com/index/wp-includes/blocks/block/" is forbidden, client: 40.113.89.53, server: cbgdh.com, request: "GET /wp-includes/blocks/block/ HTTP/1.1", host: "cbgdh.com"
2025/07/12 08:48:03 [error] 191#191: *1196891 directory index of "/www/sites/cbgdh_com/index/wp-admin/js/" is forbidden, client: 40.113.89.53, server: cbgdh.com, request: "GET /wp-admin/js/ HTTP/1.1", host: "cbgdh.com"
2025/07/12 08:48:06 [error] 191#191: *1196891 directory index of "/www/sites/cbgdh_com/index/wp-includes/css/dist/list-reusable-blocks/" is forbidden, client: 40.113.89.53, server: cbgdh.com, request: "GET /wp-includes/css/dist/list-reusable-blocks/ HTTP/1.1", host: "cbgdh.com"
2025/07/12 08:48:09 [error] 191#191: *1196891 directory index of "/www/sites/cbgdh_com/index/wp-admin/css/colors/ectoplasm/" is forbidden, client: 40.113.89.53, server: cbgdh.com, request: "GET /wp-admin/css/colors/ectoplasm/ HTTP/1.1", host: "cbgdh.com"
2025/07/12 08:48:10 [error] 191#191: *1196891 directory index of "/www/sites/cbgdh_com/index/wp-includes/css/dist/components/" is forbidden, client: 40.113.89.53, server: cbgdh.com, request: "GET /wp-includes/css/dist/components/ HTTP/1.1", host: "cbgdh.com"
2025/07/12 08:48:12 [error] 191#191: *1196891 directory index of "/www/sites/cbgdh_com/index/wp-includes/js/tinymce/skins/" is forbidden, client: 40.113.89.53, server: cbgdh.com, request: "GET /wp-includes/js/tinymce/skins/ HTTP/1.1", host: "cbgdh.com"
2025/07/12 08:48:12 [error] 191#191: *1196891 directory index of "/www/sites/cbgdh_com/index/wp-content/languages/" is forbidden, client: 40.113.89.53, server: cbgdh.com, request: "GET /wp-content/languages/ HTTP/1.1", host: "cbgdh.com"
2025/07/12 08:48:13 [error] 191#191: *1196891 directory index of "/www/sites/cbgdh_com/index/wp-includes/blocks/group/" is forbidden, client: 40.113.89.53, server: cbgdh.com, request: "GET /wp-includes/blocks/group/ HTTP/1.1", host: "cbgdh.com"
2025/07/12 08:48:15 [error] 191#191: *1196891 directory index of "/www/sites/cbgdh_com/index/wp-admin/js/widgets/" is forbidden, client: 40.113.89.53, server: cbgdh.com, request: "GET /wp-admin/js/widgets/ HTTP/1.1", host: "cbgdh.com"
2025/07/12 08:48:18 [error] 191#191: *1196891 directory index of "/www/sites/cbgdh_com/index/wp-content/languages/themes/" is forbidden, client: 40.113.89.53, server: cbgdh.com, request: "GET /wp-content/languages/themes/ HTTP/1.1", host: "cbgdh.com"
2025/07/12 08:49:02 [error] 191#191: *1196891 directory index of "/www/sites/cbgdh_com/index/wp-content/uploads/" is forbidden, client: 40.113.89.53, server: cbgdh.com, request: "GET /wp-content/uploads/ HTTP/1.1", host: "cbgdh.com"
2025/07/12 08:49:06 [error] 191#191: *1196891 directory index of "/www/sites/cbgdh_com/index/wp-includes/blocks/more/" is forbidden, client: 40.113.89.53, server: cbgdh.com, request: "GET /wp-includes/blocks/more/ HTTP/1.1", host: "cbgdh.com"
2025/07/12 08:49:07 [error] 191#191: *1196891 directory index of "/www/sites/cbgdh_com/index/wp-includes/blocks/post-author/" is forbidden, client: 40.113.89.53, server: cbgdh.com, request: "GET /wp-includes/blocks/post-author/ HTTP/1.1", host: "cbgdh.com"
2025/07/12 08:49:07 [error] 191#191: *1196891 directory index of "/www/sites/cbgdh_com/index/wp-includes/blocks/site-logo/" is forbidden, client: 40.113.89.53, server: cbgdh.com, request: "GET /wp-includes/blocks/site-logo/ HTTP/1.1", host: "cbgdh.com"
2025/07/12 08:49:08 [error] 191#191: *1196891 directory index of "/www/sites/cbgdh_com/index/wp-includes/blocks/social-links/" is forbidden, client: 40.113.89.53, server: cbgdh.com, request: "GET /wp-includes/blocks/social-links/ HTTP/1.1", host: "cbgdh.com"
2025/07/12 08:49:08 [error] 191#191: *1196891 directory index of "/www/sites/cbgdh_com/index/wp-includes/blocks/term-description/" is forbidden, client: 40.113.89.53, server: cbgdh.com, request: "GET /wp-includes/blocks/term-description/ HTTP/1.1", host: "cbgdh.com"
2025/07/12 08:49:09 [error] 191#191: *1196891 directory index of "/www/sites/cbgdh_com/index/wp-includes/css/dist/preferences/" is forbidden, client: 40.113.89.53, server: cbgdh.com, request: "GET /wp-includes/css/dist/preferences/ HTTP/1.1", host: "cbgdh.com"
2025/07/13 16:30:58 [error] 191#191: *1210215 directory index of "/www/sites/cbgdh_com/index/wp-includes/images/crystal/" is forbidden, client: 40.87.151.186, server: cbgdh.com, request: "GET /wp-includes/images/crystal/ HTTP/1.1", host: "cbgdh.com"
2025/07/13 16:31:01 [error] 191#191: *1210215 directory index of "/www/sites/cbgdh_com/index/wp-includes/sitemaps/providers/" is forbidden, client: 40.87.151.186, server: cbgdh.com, request: "GET /wp-includes/sitemaps/providers/ HTTP/1.1", host: "cbgdh.com"
2025/07/13 16:31:01 [error] 191#191: *1210215 directory index of "/www/sites/cbgdh_com/index/wp-includes/js/tinymce/" is forbidden, client: 40.87.151.186, server: cbgdh.com, request: "GET /wp-includes/js/tinymce/ HTTP/1.1", host: "cbgdh.com"
2025/07/13 16:31:04 [error] 191#191: *1210215 directory index of "/www/sites/cbgdh_com/index/wp-includes/" is forbidden, client: 40.87.151.186, server: cbgdh.com, request: "GET /wp-includes/ HTTP/1.1", host: "cbgdh.com"
2025/07/13 16:31:05 [error] 191#191: *1210215 directory index of "/www/sites/cbgdh_com/index/wp-admin/css/" is forbidden, client: 40.87.151.186, server: cbgdh.com, request: "GET /wp-admin/css/ HTTP/1.1", host: "cbgdh.com"
2025/07/13 16:31:07 [error] 191#191: *1210215 directory index of "/www/sites/cbgdh_com/index/wp-includes/js/dist/development/" is forbidden, client: 40.87.151.186, server: cbgdh.com, request: "GET /wp-includes/js/dist/development/ HTTP/1.1", host: "cbgdh.com"
2025/07/13 16:31:10 [error] 191#191: *1210215 directory index of "/www/sites/cbgdh_com/index/wp-includes/css/" is forbidden, client: 40.87.151.186, server: cbgdh.com, request: "GET /wp-includes/css/ HTTP/1.1", host: "cbgdh.com"
2025/07/13 16:31:10 [error] 191#191: *1210215 directory index of "/www/sites/cbgdh_com/index/wp-includes/SimplePie/" is forbidden, client: 40.87.151.186, server: cbgdh.com, request: "GET /wp-includes/SimplePie/ HTTP/1.1", host: "cbgdh.com"
2025/07/13 16:31:10 [error] 191#191: *1210215 directory index of "/www/sites/cbgdh_com/index/wp-includes/js/crop/" is forbidden, client: 40.87.151.186, server: cbgdh.com, request: "GET /wp-includes/js/crop/ HTTP/1.1", host: "cbgdh.com"
2025/07/13 16:31:11 [error] 191#191: *1210215 directory index of "/www/sites/cbgdh_com/index/wp-content/uploads/" is forbidden, client: 40.87.151.186, server: cbgdh.com, request: "GET /wp-content/uploads/ HTTP/1.1", host: "cbgdh.com"
2025/07/13 16:31:13 [error] 191#191: *1210215 directory index of "/www/sites/cbgdh_com/index/wp-includes/sodium_compat/namespaced/Core/" is forbidden, client: 40.87.151.186, server: cbgdh.com, request: "GET /wp-includes/sodium_compat/namespaced/Core/ HTTP/1.1", host: "cbgdh.com"
2025/07/13 16:31:13 [error] 191#191: *1210215 directory index of "/www/sites/cbgdh_com/index/wp-includes/Text/Diff/Renderer/" is forbidden, client: 40.87.151.186, server: cbgdh.com, request: "GET /wp-includes/Text/Diff/Renderer/ HTTP/1.1", host: "cbgdh.com"
2025/07/13 16:31:14 [error] 191#191: *1210215 directory index of "/www/sites/cbgdh_com/index/wp-admin/includes/" is forbidden, client: 40.87.151.186, server: cbgdh.com, request: "GET /wp-admin/includes/ HTTP/1.1", host: "cbgdh.com"
2025/07/13 16:31:16 [error] 191#191: *1210215 directory index of "/www/sites/cbgdh_com/index/wp-includes/rest-api/endpoints/" is forbidden, client: 40.87.151.186, server: cbgdh.com, request: "GET /wp-includes/rest-api/endpoints/ HTTP/1.1", host: "cbgdh.com"
2025/07/13 16:31:23 [error] 191#191: *1210215 directory index of "/www/sites/cbgdh_com/index/wp-includes/sodium_compat/src/" is forbidden, client: 40.87.151.186, server: cbgdh.com, request: "GET /wp-includes/sodium_compat/src/ HTTP/1.1", host: "cbgdh.com"
2025/07/13 16:31:23 [error] 191#191: *1210215 directory index of "/www/sites/cbgdh_com/index/wp-includes/js/imgareaselect/" is forbidden, client: 40.87.151.186, server: cbgdh.com, request: "GET /wp-includes/js/imgareaselect/ HTTP/1.1", host: "cbgdh.com"
2025/07/13 16:31:37 [error] 191#191: *1210215 directory index of "/www/sites/cbgdh_com/index/wp-includes/IXR/" is forbidden, client: 40.87.151.186, server: cbgdh.com, request: "GET /wp-includes/IXR/ HTTP/1.1", host: "cbgdh.com"
2025/07/13 16:31:43 [error] 191#191: *1210215 directory index of "/www/sites/cbgdh_com/index/wp-includes/fonts/" is forbidden, client: 40.87.151.186, server: cbgdh.com, request: "GET /wp-includes/fonts/ HTTP/1.1", host: "cbgdh.com"
2025/07/13 16:31:46 [error] 191#191: *1210215 directory index of "/www/sites/cbgdh_com/index/wp-admin/images/" is forbidden, client: 40.87.151.186, server: cbgdh.com, request: "GET /wp-admin/images/ HTTP/1.1", host: "cbgdh.com"
2025/07/13 16:31:46 [error] 191#191: *1210215 directory index of "/www/sites/cbgdh_com/index/wp-includes/widgets/" is forbidden, client: 40.87.151.186, server: cbgdh.com, request: "GET /wp-includes/widgets/ HTTP/1.1", host: "cbgdh.com"
2025/07/13 16:31:48 [error] 191#191: *1210215 directory index of "/www/sites/cbgdh_com/index/wp-includes/Text/Diff/" is forbidden, client: 40.87.151.186, server: cbgdh.com, request: "GET /wp-includes/Text/Diff/ HTTP/1.1", host: "cbgdh.com"
2025/07/13 16:31:54 [error] 191#191: *1210215 directory index of "/www/sites/cbgdh_com/index/wp-includes/sodium_compat/namespaced/" is forbidden, client: 40.87.151.186, server: cbgdh.com, request: "GET /wp-includes/sodium_compat/namespaced/ HTTP/1.1", host: "cbgdh.com"
2025/07/13 16:31:57 [error] 191#191: *1210215 directory index of "/www/sites/cbgdh_com/index/wp-includes/customize/" is forbidden, client: 40.87.151.186, server: cbgdh.com, request: "GET /wp-includes/customize/ HTTP/1.1", host: "cbgdh.com"
2025/07/13 16:31:59 [error] 191#191: *1210215 directory index of "/www/sites/cbgdh_com/index/wp-includes/js/tinymce/skins/lightgray/" is forbidden, client: 40.87.151.186, server: cbgdh.com, request: "GET /wp-includes/js/tinymce/skins/lightgray/ HTTP/1.1", host: "cbgdh.com"
2025/07/13 16:32:00 [error] 191#191: *1210215 directory index of "/www/sites/cbgdh_com/index/wp-includes/rest-api/search/" is forbidden, client: 40.87.151.186, server: cbgdh.com, request: "GET /wp-includes/rest-api/search/ HTTP/1.1", host: "cbgdh.com"
2025/07/13 16:32:05 [error] 191#191: *1210215 directory index of "/www/sites/cbgdh_com/index/wp-includes/js/" is forbidden, client: 40.87.151.186, server: cbgdh.com, request: "GET /wp-includes/js/ HTTP/1.1", host: "cbgdh.com"
2025/07/13 16:32:05 [error] 191#191: *1210215 directory index of "/www/sites/cbgdh_com/index/wp-includes/js/tinymce/plugins/compat3x/" is forbidden, client: 40.87.151.186, server: cbgdh.com, request: "GET /wp-includes/js/tinymce/plugins/compat3x/ HTTP/1.1", host: "cbgdh.com"
2025/07/13 16:32:08 [error] 191#191: *1210215 directory index of "/www/sites/cbgdh_com/index/wp-includes/ID3/" is forbidden, client: 40.87.151.186, server: cbgdh.com, request: "GET /wp-includes/ID3/ HTTP/1.1", host: "cbgdh.com"
2025/07/13 16:32:12 [error] 191#191: *1210215 directory index of "/www/sites/cbgdh_com/index/wp-includes/js/swfupload/" is forbidden, client: 40.87.151.186, server: cbgdh.com, request: "GET /wp-includes/js/swfupload/ HTTP/1.1", host: "cbgdh.com"
2025/07/13 16:32:14 [error] 191#191: *1210215 directory index of "/www/sites/cbgdh_com/index/wp-includes/js/jquery/" is forbidden, client: 40.87.151.186, server: cbgdh.com, request: "GET /wp-includes/js/jquery/ HTTP/1.1", host: "cbgdh.com"
2025/07/13 16:32:15 [error] 191#191: *1210215 directory index of "/www/sites/cbgdh_com/index/wp-admin/maint/" is forbidden, client: 40.87.151.186, server: cbgdh.com, request: "GET /wp-admin/maint/ HTTP/1.1", host: "cbgdh.com"
2025/07/13 16:32:16 [error] 191#191: *1210215 directory index of "/www/sites/cbgdh_com/index/wp-includes/Text/Diff/Engine/" is forbidden, client: 40.87.151.186, server: cbgdh.com, request: "GET /wp-includes/Text/Diff/Engine/ HTTP/1.1", host: "cbgdh.com"
2025/07/13 16:32:18 [error] 191#191: *1210215 directory index of "/www/sites/cbgdh_com/index/wp-includes/Requests/library/" is forbidden, client: 40.87.151.186, server: cbgdh.com, request: "GET /wp-includes/Requests/library/ HTTP/1.1", host: "cbgdh.com"
2025/07/13 16:32:18 [error] 191#191: *1210215 open() "/usr/share/nginx/html/.well-known/acme-challenge/cloud.php" failed (2: No such file or directory), client: 40.87.151.186, server: cbgdh.com, request: "GET /.well-known/acme-challenge/cloud.php HTTP/1.1", host: "cbgdh.com"
2025/07/13 16:32:19 [error] 191#191: *1210215 directory index of "/www/sites/cbgdh_com/index/wp-includes/js/plupload/" is forbidden, client: 40.87.151.186, server: cbgdh.com, request: "GET /wp-includes/js/plupload/ HTTP/1.1", host: "cbgdh.com"
2025/07/13 16:32:19 [error] 191#191: *1210215 directory index of "/www/sites/cbgdh_com/index/wp-includes/rest-api/" is forbidden, client: 40.87.151.186, server: cbgdh.com, request: "GET /wp-includes/rest-api/ HTTP/1.1", host: "cbgdh.com"
2025/07/13 16:32:22 [error] 191#191: *1210215 directory index of "/www/sites/cbgdh_com/index/wp-includes/images/" is forbidden, client: 40.87.151.186, server: cbgdh.com, request: "GET /wp-includes/images/ HTTP/1.1", host: "cbgdh.com"
2025/07/13 16:32:28 [error] 191#191: *1210215 directory index of "/www/sites/cbgdh_com/index/wp-includes/pomo/" is forbidden, client: 40.87.151.186, server: cbgdh.com, request: "GET /wp-includes/pomo/ HTTP/1.1", host: "cbgdh.com"
2025/07/13 16:32:29 [error] 191#191: *1210215 directory index of "/www/sites/cbgdh_com/index/wp-includes/Requests/" is forbidden, client: 40.87.151.186, server: cbgdh.com, request: "GET /wp-includes/Requests/ HTTP/1.1", host: "cbgdh.com"
2025/07/13 16:32:33 [error] 191#191: *1210215 directory index of "/www/sites/cbgdh_com/index/wp-includes/js/jcrop/" is forbidden, client: 40.87.151.186, server: cbgdh.com, request: "GET /wp-includes/js/jcrop/ HTTP/1.1", host: "cbgdh.com"
2025/07/13 16:32:34 [error] 191#191: *1210215 directory index of "/www/sites/cbgdh_com/index/wp-includes/js/tinymce/langs/" is forbidden, client: 40.87.151.186, server: cbgdh.com, request: "GET /wp-includes/js/tinymce/langs/ HTTP/1.1", host: "cbgdh.com"
2025/07/13 16:32:34 [error] 191#191: *1210215 directory index of "/www/sites/cbgdh_com/index/wp-includes/certificates/" is forbidden, client: 40.87.151.186, server: cbgdh.com, request: "GET /wp-includes/certificates/ HTTP/1.1", host: "cbgdh.com"
2025/07/13 16:32:37 [error] 191#191: *1210215 directory index of "/www/sites/cbgdh_com/index/wp-includes/js/thickbox/" is forbidden, client: 40.87.151.186, server: cbgdh.com, request: "GET /wp-includes/js/thickbox/ HTTP/1.1", host: "cbgdh.com"
2025/07/13 16:32:38 [error] 191#191: *1210215 directory index of "/www/sites/cbgdh_com/index/wp-includes/js/mediaelement/renderers/" is forbidden, client: 40.87.151.186, server: cbgdh.com, request: "GET /wp-includes/js/mediaelement/renderers/ HTTP/1.1", host: "cbgdh.com"
2025/07/13 16:32:39 [error] 191#191: *1210215 directory index of "/www/sites/cbgdh_com/index/wp-includes/images/media/" is forbidden, client: 40.87.151.186, server: cbgdh.com, request: "GET /wp-includes/images/media/ HTTP/1.1", host: "cbgdh.com"
2025/07/13 16:32:40 [error] 191#191: *1210215 directory index of "/www/sites/cbgdh_com/index/wp-includes/Requests/src/" is forbidden, client: 40.87.151.186, server: cbgdh.com, request: "GET /wp-includes/Requests/src/ HTTP/1.1", host: "cbgdh.com"
2025/07/13 16:32:46 [error] 191#191: *1210215 "/usr/share/nginx/html/.well-known/acme-challenge/index.php" is not found (2: No such file or directory), client: 40.87.151.186, server: cbgdh.com, request: "GET /.well-known/acme-challenge/ HTTP/1.1", host: "cbgdh.com"
2025/07/13 16:32:50 [error] 191#191: *1210215 directory index of "/www/sites/cbgdh_com/index/wp-includes/js/mediaelement/" is forbidden, client: 40.87.151.186, server: cbgdh.com, request: "GET /wp-includes/js/mediaelement/ HTTP/1.1", host: "cbgdh.com"
2025/07/13 16:32:51 [error] 191#191: *1210215 directory index of "/www/sites/cbgdh_com/index/wp-includes/js/dist/" is forbidden, client: 40.87.151.186, server: cbgdh.com, request: "GET /wp-includes/js/dist/ HTTP/1.1", host: "cbgdh.com"
2025/07/13 16:32:52 [error] 191#191: *1210215 directory index of "/www/sites/cbgdh_com/index/wp-includes/js/dist/vendor/" is forbidden, client: 40.87.151.186, server: cbgdh.com, request: "GET /wp-includes/js/dist/vendor/ HTTP/1.1", host: "cbgdh.com"
2025/07/13 16:32:54 [error] 191#191: *1210215 directory index of "/www/sites/cbgdh_com/index/wp-includes/Text/" is forbidden, client: 40.87.151.186, server: cbgdh.com, request: "GET /wp-includes/Text/ HTTP/1.1", host: "cbgdh.com"
2025/07/13 16:32:57 [error] 191#191: *1210215 directory index of "/www/sites/cbgdh_com/index/wp-includes/rest-api/fields/" is forbidden, client: 40.87.151.186, server: cbgdh.com, request: "GET /wp-includes/rest-api/fields/ HTTP/1.1", host: "cbgdh.com"
2025/07/13 16:32:57 [error] 191#191: *1210215 directory index of "/www/sites/cbgdh_com/index/wp-includes/js/codemirror/" is forbidden, client: 40.87.151.186, server: cbgdh.com, request: "GET /wp-includes/js/codemirror/ HTTP/1.1", host: "cbgdh.com"
2025/07/13 16:33:02 [error] 191#191: *1210215 open() "/usr/share/nginx/html/.well-known/acme-challenge/xmrlpc.php" failed (2: No such file or directory), client: 40.87.151.186, server: cbgdh.com, request: "GET /.well-known/acme-challenge/xmrlpc.php?p= HTTP/1.1", host: "cbgdh.com"
2025/07/14 14:27:59 [error] 191#191: *1225104 directory index of "/www/sites/cbgdh_com/index/wp-admin/css/" is forbidden, client: 4.196.96.212, server: cbgdh.com, request: "GET /wp-admin/css/ HTTP/1.1", host: "cbgdh.com", referrer: "binance.com"
2025/07/15 02:07:57 [error] 191#191: *1227335 open() "/usr/share/nginx/html/.well-known/acme-challenge/<51374829>" failed (2: No such file or directory), client: 183.11.237.71, server: cbgdh.com, request: "GET /.well-known/acme-challenge/<51374829> HTTP/1.1", host: "cbgdh.com"
2025/07/15 02:09:50 [error] 191#191: *1227804 client sent invalid chunked body, client: 183.11.237.71, server: cbgdh.com, request: "POST / HTTP/1.1", host: "cbgdh.com"
2025/07/15 02:18:18 [error] 191#191: *1228161 directory index of "/www/sites/cbgdh_com/index/wp-content/themes/onenav/assets/" is forbidden, client: 183.11.237.71, server: cbgdh.com, request: "GET /wp-content/themes/onenav/assets/ HTTP/1.1", host: "cbgdh.com", referrer: "https://cbgdh.com/"
2025/07/15 02:18:20 [error] 191#191: *1228276 directory index of "/www/sites/cbgdh_com/index/wp-content/themes/onenav/assets/" is forbidden, client: 183.11.237.71, server: cbgdh.com, request: "GET /wp-content/themes/onenav/assets/ HTTP/1.1", host: "cbgdh.com"
2025/07/15 02:18:22 [error] 191#191: *1228276 directory index of "/www/sites/cbgdh_com/index/wp-content/themes/onenav/assets/" is forbidden, client: 183.11.237.71, server: cbgdh.com, request: "GET /wp-content/themes/onenav/assets/?989333%40 HTTP/1.1", host: "cbgdh.com", referrer: "https://cbgdh.com/"
2025/07/15 02:18:30 [error] 191#191: *1228282 directory index of "/www/sites/cbgdh_com/index/wp-content/themes/onenav/assets/" is forbidden, client: 183.11.237.71, server: cbgdh.com, request: "GET /wp-content/themes/onenav/assets/ HTTP/1.1", host: "cbgdh.com"
2025/07/15 02:18:31 [error] 191#191: *1228111 directory index of "/www/sites/cbgdh_com/index/wp-content/themes/onenav/assets/" is forbidden, client: 183.11.237.71, server: cbgdh.com, request: "GET /wp-content/themes/onenav/assets/?id=JJJ0QQQ&action=JJJ1QQQ&page=JJJ2QQQ&name=JJJ3QQQ&f=JJJ4QQQ&url=JJJ5QQQ&email=JJJ6QQQ&type=JJJ7QQQ&file=JJJ8QQQ&title=JJJ9QQQ&code=JJJ10QQQ&q=JJJ11QQQ&user=JJJ12QQQ&token=JJJ13QQQ&t=JJJ14QQQ&c=JJJ15QQQ&data=JJJ16QQQ&mode=JJJ17QQQ&order=JJJ18QQQ&lang=JJJ19QQQ&p=JJJ20QQQ&key=JJJ21QQQ&status=JJJ22QQQ&start=JJJ23QQQ&charset=JJJ24QQQ&s=JJJ25QQQ&post=JJJ26QQQ&login=JJJ27QQQ&search=JJJ28QQQ&content=JJJ29QQQ&comment=JJJ30QQQ&step=JJJ31QQQ&ajax=JJJ32QQQ&debug=JJJ33QQQ&state=JJJ34QQQ&query=JJJ35QQQ&error=JJJ36QQQ&save=JJJ37QQQ&sort=JJJ38QQQ&format=JJJ39QQQ&tab=JJJ40QQQ&offset=JJJ41QQQ&edit=JJJ42QQQ&preview=JJJ43QQQ&filter=JJJ44QQQ&from=JJJ45QQQ&view=JJJ46QQQ&a=JJJ47QQQ&limit=JJJ48QQQ&do=JJJ49QQQ&plugin=JJJ50QQQ&theme=JJJ51QQQ&text=JJJ52QQQ&test=JJJ53QQQ&path=JJJ54QQQ&pass=JJJ55QQQ&dir=JJJ56QQQ&show=JJJ57QQQ&h=JJJ58QQQ&value=JJJ59QQQ&filename=JJJ60QQQ&redirect=JJJ61QQQ&year=JJJ62QQQ&group=JJJ63QQQ&template=JJJ64QQQ&subject=JJJ65QQQ&m=JJJ66QQQ&u=JJJ67QQQ&dest=JJJ68QQQ&uri=JJJ69QQQ&continue=JJJ70QQQ&window=JJJ71QQQ&next=JJJ72QQQ&reference=JJJ73QQQ&site=JJJ74QQQ&&f0jxP=JJJ75QQQ& HTTP/1.1", host: "cbgdh.com"
2025/07/15 02:18:34 [error] 191#191: *1228731 directory index of "/www/sites/cbgdh_com/index/wp-content/themes/onenav/assets/" is forbidden, client: 183.11.237.71, server: cbgdh.com, request: "GET /wp-content/themes/onenav/assets/ HTTP/1.1", host: "cbgdh.com"
2025/07/15 02:18:36 [error] 191#191: *1228282 directory index of "/www/sites/cbgdh_com/index/wp-content/themes/onenav/assets/" is forbidden, client: 183.11.237.71, server: cbgdh.com, request: "GET /wp-content/themes/onenav/assets/ HTTP/1.1", host: "cbgdh.com"
2025/07/15 02:18:46 [error] 191#191: *1228111 directory index of "/www/sites/cbgdh_com/index/wp-content/themes/onenav/assets/css/" is forbidden, client: 183.11.237.71, server: cbgdh.com, request: "GET /wp-content/themes/onenav/assets/css/?id=JJJ0QQQ&action=JJJ1QQQ&page=JJJ2QQQ&name=JJJ3QQQ&f=JJJ4QQQ&url=JJJ5QQQ&email=JJJ6QQQ&type=JJJ7QQQ&file=JJJ8QQQ&title=JJJ9QQQ&code=JJJ10QQQ&q=JJJ11QQQ&user=JJJ12QQQ&token=JJJ13QQQ&t=JJJ14QQQ&c=JJJ15QQQ&data=JJJ16QQQ&mode=JJJ17QQQ&order=JJJ18QQQ&lang=JJJ19QQQ&p=JJJ20QQQ&key=JJJ21QQQ&status=JJJ22QQQ&start=JJJ23QQQ&charset=JJJ24QQQ&s=JJJ25QQQ&post=JJJ26QQQ&login=JJJ27QQQ&search=JJJ28QQQ&content=JJJ29QQQ&comment=JJJ30QQQ&step=JJJ31QQQ&ajax=JJJ32QQQ&debug=JJJ33QQQ&state=JJJ34QQQ&query=JJJ35QQQ&error=JJJ36QQQ&save=JJJ37QQQ&sort=JJJ38QQQ&format=JJJ39QQQ&tab=JJJ40QQQ&offset=JJJ41QQQ&edit=JJJ42QQQ&preview=JJJ43QQQ&filter=JJJ44QQQ&from=JJJ45QQQ&view=JJJ46QQQ&a=JJJ47QQQ&limit=JJJ48QQQ&do=JJJ49QQQ&plugin=JJJ50QQQ&theme=JJJ51QQQ&text=JJJ52QQQ&test=JJJ53QQQ&path=JJJ54QQQ&pass=JJJ55QQQ&dir=JJJ56QQQ&show=JJJ57QQQ&h=JJJ58QQQ&value=JJJ59QQQ&filename=JJJ60QQQ&redirect=JJJ61QQQ&year=JJJ62QQQ&group=JJJ63QQQ&template=JJJ64QQQ&subject=JJJ65QQQ&m=JJJ66QQQ&u=JJJ67QQQ&dest=JJJ68QQQ&uri=JJJ69QQQ&continue=JJJ70QQQ&window=JJJ71QQQ&next=JJJ72QQQ&reference=JJJ73QQQ&site=JJJ74QQQ&&gQSJj=JJJ75QQQ& HTTP/1.1", host: "cbgdh.com"
2025/07/15 02:18:49 [error] 191#191: *1228731 directory index of "/www/sites/cbgdh_com/index/wp-content/themes/onenav/assets/css/" is forbidden, client: 183.11.237.71, server: cbgdh.com, request: "GET /wp-content/themes/onenav/assets/css/ HTTP/1.1", host: "cbgdh.com"
2025/07/15 02:18:49 [error] 191#191: *1228731 directory index of "/www/sites/cbgdh_com/index/wp-content/themes/onenav/assets/" is forbidden, client: 183.11.237.71, server: cbgdh.com, request: "GET /wp-content/themes/onenav/assets/ HTTP/1.1", host: "cbgdh.com"
2025/07/15 02:18:49 [error] 191#191: *1228731 directory index of "/www/sites/cbgdh_com/index/wp-content/themes/onenav/assets/css/" is forbidden, client: 183.11.237.71, server: cbgdh.com, request: "GET /wp-content/themes/onenav/assets/css/ HTTP/1.1", host: "cbgdh.com", referrer: "https://cbgdh.com/"
2025/07/15 02:18:51 [error] 191#191: *1228276 directory index of "/www/sites/cbgdh_com/index/wp-content/themes/onenav/assets/" is forbidden, client: 183.11.237.71, server: cbgdh.com, request: "GET /wp-content/themes/onenav/assets/ HTTP/1.1", host: "cbgdh.com"
2025/07/15 02:18:52 [error] 191#191: *1228731 directory index of "/www/sites/cbgdh_com/index/wp-content/themes/onenav/assets/css/" is forbidden, client: 183.11.237.71, server: cbgdh.com, request: "GET /wp-content/themes/onenav/assets/css/ HTTP/1.1", host: "cbgdh.com"
2025/07/15 02:18:53 [error] 191#191: *1228276 directory index of "/www/sites/cbgdh_com/index/wp-content/themes/onenav/assets/css/" is forbidden, client: 183.11.237.71, server: cbgdh.com, request: "GET /wp-content/themes/onenav/assets/css/?903597%40 HTTP/1.1", host: "cbgdh.com", referrer: "https://cbgdh.com/"
2025/07/15 02:18:54 [error] 191#191: *1228161 directory index of "/www/sites/cbgdh_com/index/wp-content/themes/onenav/assets/css/" is forbidden, client: 183.11.237.71, server: cbgdh.com, request: "GET /wp-content/themes/onenav/assets/css/ HTTP/1.1", host: "cbgdh.com"
2025/07/15 02:18:55 [error] 191#191: *1228731 directory index of "/www/sites/cbgdh_com/index/wp-content/themes/onenav/assets/css/" is forbidden, client: 183.11.237.71, server: cbgdh.com, request: "GET /wp-content/themes/onenav/assets/css/ HTTP/1.1", host: "cbgdh.com"
2025/07/15 02:19:16 [error] 191#191: *1228161 directory index of "/www/sites/cbgdh_com/index/wp-content/themes/onenav/assets/js/" is forbidden, client: 183.11.237.71, server: cbgdh.com, request: "GET /wp-content/themes/onenav/assets/js/ HTTP/1.1", host: "cbgdh.com", referrer: "https://cbgdh.com/"
2025/07/15 02:19:21 [error] 191#191: *1228161 directory index of "/www/sites/cbgdh_com/index/wp-content/themes/onenav/assets/css/" is forbidden, client: 183.11.237.71, server: cbgdh.com, request: "GET /wp-content/themes/onenav/assets/css/ HTTP/1.1", host: "cbgdh.com"
2025/07/15 02:19:27 [error] 191#191: *1228111 directory index of "/www/sites/cbgdh_com/index/wp-content/themes/onenav/assets/js/" is forbidden, client: 183.11.237.71, server: cbgdh.com, request: "GET /wp-content/themes/onenav/assets/js/?956686%40 HTTP/1.1", host: "cbgdh.com", referrer: "https://cbgdh.com/"
2025/07/15 02:19:30 [error] 191#191: *1228731 directory index of "/www/sites/cbgdh_com/index/wp-content/themes/onenav/assets/js/" is forbidden, client: 183.11.237.71, server: cbgdh.com, request: "GET /wp-content/themes/onenav/assets/js/ HTTP/1.1", host: "cbgdh.com"
2025/07/15 02:19:31 [error] 191#191: *1228111 directory index of "/www/sites/cbgdh_com/index/wp-content/themes/onenav/assets/css/" is forbidden, client: 183.11.237.71, server: cbgdh.com, request: "GET /wp-content/themes/onenav/assets/css/ HTTP/1.1", host: "cbgdh.com"
2025/07/15 02:19:31 [error] 191#191: *1228111 directory index of "/www/sites/cbgdh_com/index/wp-content/themes/onenav/assets/js/" is forbidden, client: 183.11.237.71, server: cbgdh.com, request: "GET /wp-content/themes/onenav/assets/js/ HTTP/1.1", host: "cbgdh.com"
2025/07/15 02:19:34 [error] 191#191: *1228276 directory index of "/www/sites/cbgdh_com/index/wp-content/themes/onenav/assets/js/" is forbidden, client: 183.11.237.71, server: cbgdh.com, request: "GET /wp-content/themes/onenav/assets/js/?id=JJJ0QQQ&action=JJJ1QQQ&page=JJJ2QQQ&name=JJJ3QQQ&f=JJJ4QQQ&url=JJJ5QQQ&email=JJJ6QQQ&type=JJJ7QQQ&file=JJJ8QQQ&title=JJJ9QQQ&code=JJJ10QQQ&q=JJJ11QQQ&user=JJJ12QQQ&token=JJJ13QQQ&t=JJJ14QQQ&c=JJJ15QQQ&data=JJJ16QQQ&mode=JJJ17QQQ&order=JJJ18QQQ&lang=JJJ19QQQ&p=JJJ20QQQ&key=JJJ21QQQ&status=JJJ22QQQ&start=JJJ23QQQ&charset=JJJ24QQQ&s=JJJ25QQQ&post=JJJ26QQQ&login=JJJ27QQQ&search=JJJ28QQQ&content=JJJ29QQQ&comment=JJJ30QQQ&step=JJJ31QQQ&ajax=JJJ32QQQ&debug=JJJ33QQQ&state=JJJ34QQQ&query=JJJ35QQQ&error=JJJ36QQQ&save=JJJ37QQQ&sort=JJJ38QQQ&format=JJJ39QQQ&tab=JJJ40QQQ&offset=JJJ41QQQ&edit=JJJ42QQQ&preview=JJJ43QQQ&filter=JJJ44QQQ&from=JJJ45QQQ&view=JJJ46QQQ&a=JJJ47QQQ&limit=JJJ48QQQ&do=JJJ49QQQ&plugin=JJJ50QQQ&theme=JJJ51QQQ&text=JJJ52QQQ&test=JJJ53QQQ&path=JJJ54QQQ&pass=JJJ55QQQ&dir=JJJ56QQQ&show=JJJ57QQQ&h=JJJ58QQQ&value=JJJ59QQQ&filename=JJJ60QQQ&redirect=JJJ61QQQ&year=JJJ62QQQ&group=JJJ63QQQ&template=JJJ64QQQ&subject=JJJ65QQQ&m=JJJ66QQQ&u=JJJ67QQQ&dest=JJJ68QQQ&uri=JJJ69QQQ&continue=JJJ70QQQ&window=JJJ71QQQ&next=JJJ72QQQ&reference=JJJ73QQQ&site=JJJ74QQQ&&0DG3f=JJJ75QQQ& HTTP/1.1", host: "cbgdh.com"
2025/07/15 02:19:37 [error] 191#191: *1228276 directory index of "/www/sites/cbgdh_com/index/wp-content/themes/onenav/assets/js/" is forbidden, client: 183.11.237.71, server: cbgdh.com, request: "GET /wp-content/themes/onenav/assets/js/ HTTP/1.1", host: "cbgdh.com"
2025/07/15 02:19:44 [error] 191#191: *1228276 directory index of "/www/sites/cbgdh_com/index/wp-content/themes/onenav/assets/js/" is forbidden, client: 183.11.237.71, server: cbgdh.com, request: "GET /wp-content/themes/onenav/assets/js/ HTTP/1.1", host: "cbgdh.com"
2025/07/15 02:19:44 [error] 191#191: *1228276 directory index of "/www/sites/cbgdh_com/index/wp-content/themes/onenav/assets/js/" is forbidden, client: 183.11.237.71, server: cbgdh.com, request: "GET /wp-content/themes/onenav/assets/js/ HTTP/1.1", host: "cbgdh.com"
2025/07/15 02:19:45 [error] 191#191: *1228276 directory index of "/www/sites/cbgdh_com/index/wp-content/themes/onenav/assets/js/" is forbidden, client: 183.11.237.71, server: cbgdh.com, request: "GET /wp-content/themes/onenav/assets/js/ HTTP/1.1", host: "cbgdh.com"
2025/07/15 02:19:57 [error] 191#191: *1228276 directory index of "/www/sites/cbgdh_com/index/wp-content/themes/onenav/assets/" is forbidden, client: 183.11.237.71, server: cbgdh.com, request: "GET /wp-content/themes/onenav/assets/ HTTP/1.1", host: "cbgdh.com", referrer: "https://cbgdh.com/wp-content/themes/onenav/assets/;"onmouseover='PhRZ(98362)'bad=""
2025/07/15 02:20:16 [error] 191#191: *1228731 directory index of "/www/sites/cbgdh_com/index/wp-content/themes/onenav/assets/css/" is forbidden, client: 183.11.237.71, server: cbgdh.com, request: "GET /wp-content/themes/onenav/assets/css/ HTTP/1.1", host: "cbgdh.com", referrer: "https://cbgdh.com/wp-content/themes/onenav/assets/css/;"onmouseover='0ayF(90572)'bad=""
2025/07/15 02:20:27 [error] 191#191: *1228276 directory index of "/www/sites/cbgdh_com/index/wp-content/themes/onenav/assets/" is forbidden, client: 183.11.237.71, server: cbgdh.com, request: "GET /wp-content/themes/onenav/assets/ HTTP/1.1", host: "cbgdh.com", referrer: "https://cbgdh.com/wp-content/themes/onenav/assets/;"vqHq='PhRZ([!%2B!])'Slc=""
2025/07/15 02:20:52 [error] 191#191: *1228977 directory index of "/www/sites/cbgdh_com/index/wp-content/themes/onenav/assets/js/" is forbidden, client: 183.11.237.71, server: cbgdh.com, request: "GET /wp-content/themes/onenav/assets/js/ HTTP/1.1", host: "cbgdh.com", referrer: "https://cbgdh.com/wp-content/themes/onenav/assets/js/;"onmouseover='PZJV(99612)'bad=""
2025/07/15 02:21:04 [error] 191#191: *1228969 directory index of "/www/sites/cbgdh_com/index/wp-content/themes/onenav/assets/" is forbidden, client: 183.11.237.71, server: cbgdh.com, request: "GET /wp-content/themes/onenav/assets/ HTTP/1.1", host: "cbgdh.com", referrer: "https://cbgdh.com/wp-content/themes/onenav/assets/;%F6"onmouseover=PhRZ(91515)//"
2025/07/15 02:21:19 [error] 191#191: *1228972 directory index of "/www/sites/cbgdh_com/index/wp-content/themes/onenav/assets/" is forbidden, client: 183.11.237.71, server: cbgdh.com, request: "GET /wp-content/themes/onenav/assets/ HTTP/1.1", host: "cbgdh.com", referrer: "https://cbgdh.com/wp-content/themes/onenav/assets/;"sTYLe='zzz:Expre/**/SSion(PhRZ(9238))'bad=""
2025/07/15 02:21:20 [error] 191#191: *1228111 directory index of "/www/sites/cbgdh_com/index/wp-content/themes/onenav/assets/js/" is forbidden, client: 183.11.237.71, server: cbgdh.com, request: "GET /wp-content/themes/onenav/assets/js/ HTTP/1.1", host: "cbgdh.com", referrer: "https://cbgdh.com/wp-content/themes/onenav/assets/js/;"7nEo='PZJV([!%2B!])'62T=""
2025/07/15 02:21:26 [error] 191#191: *1228161 directory index of "/www/sites/cbgdh_com/index/wp-content/themes/onenav/assets/css/" is forbidden, client: 183.11.237.71, server: cbgdh.com, request: "GET /wp-content/themes/onenav/assets/css/ HTTP/1.1", host: "cbgdh.com", referrer: "https://cbgdh.com/wp-content/themes/onenav/assets/css/;"uTuP='0ayF([!%2B!])'LDU=""
2025/07/15 02:21:58 [error] 191#191: *1229032 directory index of "/www/sites/cbgdh_com/index/wp-content/themes/onenav/assets/js/" is forbidden, client: 183.11.237.71, server: cbgdh.com, request: "GET /wp-content/themes/onenav/assets/js/ HTTP/1.1", host: "cbgdh.com", referrer: "https://cbgdh.com/wp-content/themes/onenav/assets/js/;%F6"onmouseover=PZJV(99335)//"
2025/07/15 02:22:12 [error] 191#191: *1229058 directory index of "/www/sites/cbgdh_com/index/wp-content/themes/onenav/assets/css/" is forbidden, client: 183.11.237.71, server: cbgdh.com, request: "GET /wp-content/themes/onenav/assets/css/ HTTP/1.1", host: "cbgdh.com", referrer: "https://cbgdh.com/wp-content/themes/onenav/assets/css/;%F6"onmouseover=0ayF(93635)//"
2025/07/15 02:22:23 [error] 191#191: *1229032 directory index of "/www/sites/cbgdh_com/index/wp-content/themes/onenav/assets/js/" is forbidden, client: 183.11.237.71, server: cbgdh.com, request: "GET /wp-content/themes/onenav/assets/js/ HTTP/1.1", host: "cbgdh.com", referrer: "https://cbgdh.com/wp-content/themes/onenav/assets/js/;"sTYLe='zzz:Expre/**/SSion(PZJV(9530))'bad=""
2025/07/15 02:23:46 [error] 191#191: *1229253 directory index of "/www/sites/cbgdh_com/index/wp-content/themes/onenav/assets/css/" is forbidden, client: 183.11.237.71, server: cbgdh.com, request: "GET /wp-content/themes/onenav/assets/css/ HTTP/1.1", host: "cbgdh.com", referrer: "https://cbgdh.com/wp-content/themes/onenav/assets/css/;"sTYLe='zzz:Expre/**/SSion(0ayF(9677))'bad=""
2025/07/15 02:24:56 [error] 191#191: *1229253 directory index of "/www/sites/cbgdh_com/index/wp-content/uploads/" is forbidden, client: 183.11.237.71, server: cbgdh.com, request: "GET /wp-content/uploads/ HTTP/1.1", host: "cbgdh.com"
2025/07/15 02:38:42 [error] 191#191: *1230347 directory index of "/www/sites/cbgdh_com/index/wp-content/themes/onenav/assets/" is forbidden, client: 183.11.237.71, server: cbgdh.com, request: "GET /wp-content/themes/onenav/assets/ HTTP/1.1", host: "cbgdh.com"
2025/07/15 02:39:25 [error] 191#191: *1229253 directory index of "/www/sites/cbgdh_com/index/wp-content/themes/onenav/assets/" is forbidden, client: 183.11.237.71, server: cbgdh.com, request: "GET /wp-content/themes/onenav/assets/ HTTP/1.1", host: "cbgdh.com"
2025/07/15 02:39:38 [error] 191#191: *1229285 directory index of "/www/sites/cbgdh_com/index/wp-content/themes/onenav/assets/" is forbidden, client: 183.11.237.71, server: cbgdh.com, request: "GET /wp-content/themes/onenav/assets/ HTTP/1.1", host: "cbgdh.com"
2025/07/15 02:39:40 [error] 191#191: *1229253 directory index of "/www/sites/cbgdh_com/index/wp-content/themes/onenav/assets/" is forbidden, client: 183.11.237.71, server: cbgdh.com, request: "GET /wp-content/themes/onenav/assets/ HTTP/1.1", host: "cbgdh.com"
2025/07/15 02:39:41 [error] 191#191: *1229820 directory index of "/www/sites/cbgdh_com/index/wp-content/themes/onenav/assets/" is forbidden, client: 183.11.237.71, server: cbgdh.com, request: "GET /wp-content/themes/onenav/assets/ HTTP/1.1", host: "cbgdh.com"
2025/07/15 02:39:43 [error] 191#191: *1229820 directory index of "/www/sites/cbgdh_com/index/wp-content/themes/onenav/assets/" is forbidden, client: 183.11.237.71, server: cbgdh.com, request: "GET /wp-content/themes/onenav/assets/ HTTP/1.1", host: "cbgdh.com"
2025/07/15 02:39:43 [error] 191#191: *1229253 directory index of "/www/sites/cbgdh_com/index/wp-content/themes/onenav/assets/" is forbidden, client: 183.11.237.71, server: cbgdh.com, request: "GET /wp-content/themes/onenav/assets/ HTTP/1.1", host: "cbgdh.com"
2025/07/15 02:39:51 [error] 191#191: *1229820 directory index of "/www/sites/cbgdh_com/index/wp-content/themes/onenav/assets/" is forbidden, client: 183.11.237.71, server: cbgdh.com, request: "GET /wp-content/themes/onenav/assets/ HTTP/1.1", host: "cbgdh.com"
2025/07/15 02:39:54 [error] 191#191: *1229285 directory index of "/www/sites/cbgdh_com/index/wp-content/themes/onenav/assets/" is forbidden, client: 183.11.237.71, server: cbgdh.com, request: "GET /wp-content/themes/onenav/assets/ HTTP/1.1", host: "cbgdh.com"
2025/07/15 02:39:55 [error] 191#191: *1229285 directory index of "/www/sites/cbgdh_com/index/wp-content/themes/onenav/assets/" is forbidden, client: 183.11.237.71, server: cbgdh.com, request: "GET /wp-content/themes/onenav/assets/ HTTP/1.1", host: "cbgdh.com"
2025/07/15 02:39:59 [error] 191#191: *1230347 directory index of "/www/sites/cbgdh_com/index/wp-content/themes/onenav/assets/" is forbidden, client: 183.11.237.71, server: cbgdh.com, request: "GET /wp-content/themes/onenav/assets/ HTTP/1.1", host: "cbgdh.com"
2025/07/15 02:40:00 [error] 191#191: *1229820 directory index of "/www/sites/cbgdh_com/index/wp-content/themes/onenav/assets/" is forbidden, client: 183.11.237.71, server: cbgdh.com, request: "GET /wp-content/themes/onenav/assets/ HTTP/1.1", host: "cbgdh.com"
2025/07/15 02:40:00 [error] 191#191: *1229285 directory index of "/www/sites/cbgdh_com/index/wp-content/themes/onenav/assets/" is forbidden, client: 183.11.237.71, server: cbgdh.com, request: "GET /wp-content/themes/onenav/assets/ HTTP/1.1", host: "cbgdh.com"
2025/07/15 02:40:06 [error] 191#191: *1229285 directory index of "/www/sites/cbgdh_com/index/wp-content/themes/onenav/assets/" is forbidden, client: 183.11.237.71, server: cbgdh.com, request: "GET /wp-content/themes/onenav/assets/ HTTP/1.1", host: "cbgdh.com"
2025/07/15 02:40:26 [error] 191#191: *1229253 directory index of "/www/sites/cbgdh_com/index/wp-content/themes/onenav/assets/" is forbidden, client: 183.11.237.71, server: cbgdh.com, request: "GET /wp-content/themes/onenav/assets/ HTTP/1.1", host: "cbgdh.com"
2025/07/15 02:40:29 [error] 191#191: *1229285 directory index of "/www/sites/cbgdh_com/index/wp-content/themes/onenav/assets/" is forbidden, client: 183.11.237.71, server: cbgdh.com, request: "GET /wp-content/themes/onenav/assets/ HTTP/1.1", host: "cbgdh.com"
2025/07/15 02:40:37 [error] 191#191: *1229253 directory index of "/www/sites/cbgdh_com/index/wp-content/themes/onenav/assets/" is forbidden, client: 183.11.237.71, server: cbgdh.com, request: "GET /wp-content/themes/onenav/assets/ HTTP/1.1", host: "cbgdh.com"
2025/07/15 02:40:38 [error] 191#191: *1230068 directory index of "/www/sites/cbgdh_com/index/wp-content/themes/onenav/assets/" is forbidden, client: 183.11.237.71, server: cbgdh.com, request: "GET /wp-content/themes/onenav/assets/ HTTP/1.1", host: "cbgdh.com"
2025/07/15 02:40:45 [error] 191#191: *1229285 directory index of "/www/sites/cbgdh_com/index/wp-content/themes/onenav/assets/" is forbidden, client: 183.11.237.71, server: cbgdh.com, request: "GET /wp-content/themes/onenav/assets/ HTTP/1.1", host: "cbgdh.com"
2025/07/15 02:40:55 [error] 191#191: *1229820 directory index of "/www/sites/cbgdh_com/index/wp-content/themes/onenav/assets/" is forbidden, client: 183.11.237.71, server: cbgdh.com, request: "GET /wp-content/themes/onenav/assets/ HTTP/1.1", host: "cbgdh.com"
2025/07/15 02:40:58 [error] 191#191: *1229285 directory index of "/www/sites/cbgdh_com/index/wp-content/themes/onenav/assets/css/" is forbidden, client: 183.11.237.71, server: cbgdh.com, request: "GET /wp-content/themes/onenav/assets/css/ HTTP/1.1", host: "cbgdh.com"
2025/07/15 02:41:00 [error] 191#191: *1229285 directory index of "/www/sites/cbgdh_com/index/wp-content/themes/onenav/assets/css/" is forbidden, client: 183.11.237.71, server: cbgdh.com, request: "GET /wp-content/themes/onenav/assets/css/ HTTP/1.1", host: "cbgdh.com"
2025/07/15 02:41:02 [error] 191#191: *1229285 directory index of "/www/sites/cbgdh_com/index/wp-content/themes/onenav/assets/css/" is forbidden, client: 183.11.237.71, server: cbgdh.com, request: "GET /wp-content/themes/onenav/assets/css/ HTTP/1.1", host: "cbgdh.com"
2025/07/15 02:41:07 [error] 191#191: *1230347 directory index of "/www/sites/cbgdh_com/index/wp-content/themes/onenav/assets/css/" is forbidden, client: 183.11.237.71, server: cbgdh.com, request: "GET /wp-content/themes/onenav/assets/css/ HTTP/1.1", host: "cbgdh.com"
2025/07/15 02:41:07 [error] 191#191: *1230347 directory index of "/www/sites/cbgdh_com/index/wp-content/themes/onenav/assets/css/" is forbidden, client: 183.11.237.71, server: cbgdh.com, request: "GET /wp-content/themes/onenav/assets/css/ HTTP/1.1", host: "cbgdh.com"
2025/07/15 02:41:08 [error] 191#191: *1229285 directory index of "/www/sites/cbgdh_com/index/wp-content/themes/onenav/assets/css/" is forbidden, client: 183.11.237.71, server: cbgdh.com, request: "GET /wp-content/themes/onenav/assets/css/ HTTP/1.1", host: "cbgdh.com"
2025/07/15 02:41:13 [error] 191#191: *1229253 directory index of "/www/sites/cbgdh_com/index/wp-content/themes/onenav/assets/css/" is forbidden, client: 183.11.237.71, server: cbgdh.com, request: "GET /wp-content/themes/onenav/assets/css/ HTTP/1.1", host: "cbgdh.com"
2025/07/15 02:41:14 [error] 191#191: *1230347 directory index of "/www/sites/cbgdh_com/index/wp-content/themes/onenav/assets/css/" is forbidden, client: 183.11.237.71, server: cbgdh.com, request: "GET /wp-content/themes/onenav/assets/css/ HTTP/1.1", host: "cbgdh.com"
2025/07/15 02:41:18 [error] 191#191: *1229253 directory index of "/www/sites/cbgdh_com/index/wp-content/themes/onenav/assets/css/" is forbidden, client: 183.11.237.71, server: cbgdh.com, request: "GET /wp-content/themes/onenav/assets/css/ HTTP/1.1", host: "cbgdh.com"
2025/07/15 02:41:19 [error] 191#191: *1230563 directory index of "/www/sites/cbgdh_com/index/wp-content/themes/onenav/assets/css/" is forbidden, client: 183.11.237.71, server: cbgdh.com, request: "GET /wp-content/themes/onenav/assets/css/ HTTP/1.1", host: "cbgdh.com"
2025/07/15 02:41:20 [error] 191#191: *1229285 directory index of "/www/sites/cbgdh_com/index/wp-content/themes/onenav/assets/css/" is forbidden, client: 183.11.237.71, server: cbgdh.com, request: "GET /wp-content/themes/onenav/assets/css/ HTTP/1.1", host: "cbgdh.com"
2025/07/15 02:41:21 [error] 191#191: *1230068 directory index of "/www/sites/cbgdh_com/index/wp-content/themes/onenav/assets/css/" is forbidden, client: 183.11.237.71, server: cbgdh.com, request: "GET /wp-content/themes/onenav/assets/css/ HTTP/1.1", host: "cbgdh.com"
2025/07/15 02:41:26 [error] 191#191: *1229253 directory index of "/www/sites/cbgdh_com/index/wp-content/themes/onenav/assets/css/" is forbidden, client: 183.11.237.71, server: cbgdh.com, request: "GET /wp-content/themes/onenav/assets/css/ HTTP/1.1", host: "cbgdh.com"
2025/07/15 02:41:30 [error] 191#191: *1229253 directory index of "/www/sites/cbgdh_com/index/wp-content/themes/onenav/assets/css/" is forbidden, client: 183.11.237.71, server: cbgdh.com, request: "GET /wp-content/themes/onenav/assets/css/ HTTP/1.1", host: "cbgdh.com"
2025/07/15 02:41:35 [error] 191#191: *1230347 directory index of "/www/sites/cbgdh_com/index/wp-content/themes/onenav/assets/css/" is forbidden, client: 183.11.237.71, server: cbgdh.com, request: "GET /wp-content/themes/onenav/assets/css/ HTTP/1.1", host: "cbgdh.com"
2025/07/15 02:41:36 [error] 191#191: *1229285 directory index of "/www/sites/cbgdh_com/index/wp-content/themes/onenav/assets/css/" is forbidden, client: 183.11.237.71, server: cbgdh.com, request: "GET /wp-content/themes/onenav/assets/css/ HTTP/1.1", host: "cbgdh.com"
2025/07/15 02:41:36 [error] 191#191: *1230068 directory index of "/www/sites/cbgdh_com/index/wp-content/themes/onenav/assets/css/" is forbidden, client: 183.11.237.71, server: cbgdh.com, request: "GET /wp-content/themes/onenav/assets/css/ HTTP/1.1", host: "cbgdh.com"
2025/07/15 02:41:36 [error] 191#191: *1230347 directory index of "/www/sites/cbgdh_com/index/wp-content/themes/onenav/assets/css/" is forbidden, client: 183.11.237.71, server: cbgdh.com, request: "GET /wp-content/themes/onenav/assets/css/ HTTP/1.1", host: "cbgdh.com"
2025/07/15 02:41:40 [error] 191#191: *1229285 directory index of "/www/sites/cbgdh_com/index/wp-content/themes/onenav/assets/js/" is forbidden, client: 183.11.237.71, server: cbgdh.com, request: "GET /wp-content/themes/onenav/assets/js/ HTTP/1.1", host: "cbgdh.com"
2025/07/15 02:41:53 [error] 191#191: *1229253 directory index of "/www/sites/cbgdh_com/index/wp-content/themes/onenav/assets/css/" is forbidden, client: 183.11.237.71, server: cbgdh.com, request: "GET /wp-content/themes/onenav/assets/css/ HTTP/1.1", host: "cbgdh.com"
2025/07/15 02:42:18 [error] 191#191: *1229285 directory index of "/www/sites/cbgdh_com/index/wp-content/themes/onenav/assets/js/" is forbidden, client: 183.11.237.71, server: cbgdh.com, request: "GET /wp-content/themes/onenav/assets/js/ HTTP/1.1", host: "cbgdh.com"
2025/07/15 02:42:25 [error] 191#191: *1230347 directory index of "/www/sites/cbgdh_com/index/wp-content/themes/onenav/assets/js/" is forbidden, client: 183.11.237.71, server: cbgdh.com, request: "GET /wp-content/themes/onenav/assets/js/ HTTP/1.1", host: "cbgdh.com"
2025/07/15 02:42:25 [error] 191#191: *1229253 directory index of "/www/sites/cbgdh_com/index/wp-content/themes/onenav/assets/css/" is forbidden, client: 183.11.237.71, server: cbgdh.com, request: "GET /wp-content/themes/onenav/assets/css/ HTTP/1.1", host: "cbgdh.com"
2025/07/15 02:42:31 [error] 191#191: *1229285 directory index of "/www/sites/cbgdh_com/index/wp-content/themes/onenav/assets/js/" is forbidden, client: 183.11.237.71, server: cbgdh.com, request: "GET /wp-content/themes/onenav/assets/js/ HTTP/1.1", host: "cbgdh.com"
2025/07/15 02:42:32 [error] 191#191: *1230563 directory index of "/www/sites/cbgdh_com/index/wp-content/themes/onenav/assets/js/" is forbidden, client: 183.11.237.71, server: cbgdh.com, request: "GET /wp-content/themes/onenav/assets/js/ HTTP/1.1", host: "cbgdh.com"
2025/07/15 02:42:35 [error] 191#191: *1229253 directory index of "/www/sites/cbgdh_com/index/wp-content/themes/onenav/assets/js/" is forbidden, client: 183.11.237.71, server: cbgdh.com, request: "GET /wp-content/themes/onenav/assets/js/ HTTP/1.1", host: "cbgdh.com"
2025/07/15 02:42:41 [error] 191#191: *1229285 directory index of "/www/sites/cbgdh_com/index/wp-content/themes/onenav/assets/js/" is forbidden, client: 183.11.237.71, server: cbgdh.com, request: "GET /wp-content/themes/onenav/assets/js/ HTTP/1.1", host: "cbgdh.com"
2025/07/15 02:42:45 [error] 191#191: *1230563 directory index of "/www/sites/cbgdh_com/index/wp-content/themes/onenav/assets/js/" is forbidden, client: 183.11.237.71, server: cbgdh.com, request: "GET /wp-content/themes/onenav/assets/js/ HTTP/1.1", host: "cbgdh.com"
